{"id":17,"date":"2013-01-20T23:03:44","date_gmt":"2013-01-20T22:03:44","guid":{"rendered":"http:\/\/www.medien-capitain.de\/?page_id=17"},"modified":"2021-12-28T16:07:12","modified_gmt":"2021-12-28T15:07:12","slug":"das-gefuhl-hafenstrase","status":"publish","type":"page","link":"http:\/\/www.medien-capitain.de\/?page_id=17","title":{"rendered":"Von der Hafenstra\u00dfe"},"content":{"rendered":"\n<div class=\"wp-block-columns is-layout-flex wp-container-core-columns-is-layout-9d6595d7 wp-block-columns-is-layout-flex\">\n<div class=\"wp-block-column is-layout-flow wp-block-column-is-layout-flow\"><\/div>\n<\/div>\n\n\n<p style=\"text-align: left;\"><em><a href=\"http:\/\/www.medien-capitain.de\/wp-content\/uploads\/2013\/01\/tanne4.jpg\"><img fetchpriority=\"high\" decoding=\"async\" class=\"alignright size-medium wp-image-234\" src=\"http:\/\/www.medien-capitain.de\/wp-content\/uploads\/2013\/01\/tanne4-300x300.jpg\" alt=\"\" width=\"300\" height=\"300\" srcset=\"http:\/\/www.medien-capitain.de\/wp-content\/uploads\/2013\/01\/tanne4-300x300.jpg 300w, http:\/\/www.medien-capitain.de\/wp-content\/uploads\/2013\/01\/tanne4-150x150.jpg 150w, http:\/\/www.medien-capitain.de\/wp-content\/uploads\/2013\/01\/tanne4-1024x1024.jpg 1024w, http:\/\/www.medien-capitain.de\/wp-content\/uploads\/2013\/01\/tanne4.jpg 1181w\" sizes=\"(max-width: 300px) 100vw, 300px\" \/><\/a><\/em><\/p>\n\n\n<\/p>\n<p><strong>&#8222;Das Gef\u00fchl Hafenstra\u00dfe ist ein kostbares Kleinod, weil es mit wenigen liebevollen Blicken die Geschichte von Jahrzehnten erz\u00e4hlt.&#8220;<br><\/strong><strong>RevierSport, 19.4.2012<\/strong><\/p>\n<p>\n\n\n\n<\/p>\n<p>\n\n\n<p><\/p>\n\n\n<\/p><strong>&#8222;Die Bilder dokumentieren die Aufbruchsstimmung an der Hafenstra\u00dfe, aber auch der anstehende Abschied vom alten Stadion schmeckt durch.&#8220;<\/strong><br><p><strong>Neue Ruhr Zeitung, 20.4.2012<\/strong><\/p>\n<p>\n\n\n\n<\/p>\n<p><strong>&#8222;Rot-Weiss Essen lebt in erster Linie von den Menschen, die diesen Verein st\u00fctzen\u201c, schreiben die Herausgeber im Vorwort. Diesen Menschen haben sie ein Denkmal gesetzt. Und dem alten Stadion gleich mit.&#8220;<\/strong><br><strong>Westdeutsche Allgemeine Zeitung, 20.4.2012<\/strong><\/p>\n<p>\n\n\n<p><strong>&#8222;Die Fotos halten Erinnerungen an die legend\u00e4re Spielst\u00e4tte und deren Umgebung im Essener Norden sowie den derzeitigen Aufbruch aus Ruinen fest.&#8220;<\/strong><br \/><strong>Kurze Fuffzehn, 21.4.2012<br \/><\/strong><a href=\"http:\/\/www.medien-capitain.de\/wp-content\/uploads\/2013\/01\/978-3-8375-0765-2.gif\"><img decoding=\"async\" class=\"alignright size-full wp-image-18\" src=\"http:\/\/www.medien-capitain.de\/wp-content\/uploads\/2013\/01\/978-3-8375-0765-2.gif\" alt=\"\" width=\"254\" height=\"180\" \/><\/a><br \/><strong>Das Gef\u00fchl Hafenstra\u00dfe<\/strong><br \/>DFB-Pokalsieger 1953, deutscher Meister 1955 und 1956 wurde im Stadion an der Hafenstra\u00dfe die erste Flutlichtanlage der Republik bestaunt. In den letzten Jahrzehnten ging es allerdings stetig bergab, bis in die Insolvenz und die f\u00fcnfte Liga \u2013 in einem teilweise abgerissenen Stadion mit nur noch zweieinhalb Trib\u00fcnen. Doch Essen erlebte das \u201eWunder von der Hafenstra\u00dfe\u201c: Eine blutjunge Mannschaft schaffte den direkten Wiederaufstieg in die Regionalliga. Nebenbei knackten die Roten s\u00e4mtliche Zuschauerrekorde des Amateurfu\u00dfballs und spielten sich wieder in die Herzen der Stadt.<br \/>Im Sommer 2012 wurde ein neues Stadion eingeweiht, die alte Hafenstra\u00dfe ist damit f\u00fcr immer Vergangenheit. Die Fotos des Buches halten Erinnerungen an die legend\u00e4re Spielst\u00e4tte und deren Umgebung im Essener Norden sowie den derzeitigen Aufbruch aus Ruinen fest.<\/p>\n\n\n<p><\/p>\n","protected":false},"excerpt":{"rendered":"<p>&#8222;Das Gef\u00fchl Hafenstra\u00dfe ist ein kostbares Kleinod, weil es mit wenigen liebevollen Blicken die Geschichte von Jahrzehnten erz\u00e4hlt.&#8220;RevierSport, 19.4.2012 &#8222;Die Bilder dokumentieren die Aufbruchsstimmung an der Hafenstra\u00dfe, aber auch der anstehende Abschied vom alten Stadion schmeckt durch.&#8220; Neue Ruhr Zeitung, 20.4.2012 &#8222;Rot-Weiss Essen lebt in erster Linie von den Menschen, die diesen Verein st\u00fctzen\u201c, schreiben&hellip; <a class=\"more-link\" href=\"http:\/\/www.medien-capitain.de\/?page_id=17\">Continue reading &rarr;<\/a><\/p>\n","protected":false},"author":1,"featured_media":0,"parent":0,"menu_order":3,"comment_status":"closed","ping_status":"closed","template":"elementor_theme","meta":{"footnotes":""},"class_list":["post-17","page","type-page","status-publish","hentry"],"_links":{"self":[{"href":"http:\/\/www.medien-capitain.de\/index.php?rest_route=\/wp\/v2\/pages\/17","targetHints":{"allow":["GET"]}}],"collection":[{"href":"http:\/\/www.medien-capitain.de\/index.php?rest_route=\/wp\/v2\/pages"}],"about":[{"href":"http:\/\/www.medien-capitain.de\/index.php?rest_route=\/wp\/v2\/types\/page"}],"author":[{"embeddable":true,"href":"http:\/\/www.medien-capitain.de\/index.php?rest_route=\/wp\/v2\/users\/1"}],"replies":[{"embeddable":true,"href":"http:\/\/www.medien-capitain.de\/index.php?rest_route=%2Fwp%2Fv2%2Fcomments&post=17"}],"version-history":[{"count":28,"href":"http:\/\/www.medien-capitain.de\/index.php?rest_route=\/wp\/v2\/pages\/17\/revisions"}],"predecessor-version":[{"id":731,"href":"http:\/\/www.medien-capitain.de\/index.php?rest_route=\/wp\/v2\/pages\/17\/revisions\/731"}],"wp:attachment":[{"href":"http:\/\/www.medien-capitain.de\/index.php?rest_route=%2Fwp%2Fv2%2Fmedia&parent=17"}],"curies":[{"name":"wp","href":"https:\/\/api.w.org\/{rel}","templated":true}]}}